ate the remainder when 1918 is divided by 173.
15
Calculate the remainder when 402 is divided by 110.
72
Calculate the remainder when 177 is divided by 30.
27
Calculate the remainder when 2276 is divided by 120.
116
Calculate the remainder when 899 is divided by 18.
17
What is the remainder when 6074 is divided by 124?
122
Calculate the remainder when 537 is divided by 18.
15
Calculate the remainder when 10 is divided by 7.
3
What is the remainder when 328 is divided by 15?
13
What is the remainder when 258 is divided by 42?
6
What is the remainder when 17 is divided by 7?
3
Calculate the remainder when 2437 is divided by 74.
69
Calculate the remainder when 219 is divided by 23.
12
Calculate the remainder when 1279 is divided by 81.
64
Calculate the remainder when 44 is divided by 19.
6
What is the remainder when 25 is divided by 8?
1
Calculate the remainder when 256 is divided by 3.
1
Calculate the remainder when 999 is divided by 91.
89
Calculate the remainder when 3296 is divided by 50.
46
Calculate the remainder when 290 is divided by 73.
71
Calculate the remainder when 172 is divided by 37.
24
Calculate the remainder when 58 is divided by 6.
4
What is the remainder when 431 is divided by 156?
119
What is the remainder when 1971 is divided by 489?
15
What is the remainder when 1760 is divided by 32?
0
What is the remainder when 4752 is divided by 71?
66
What is the remainder when 637 is divided by 29?
28
Calculate the remainder when 318 is divided by 46.
42
Calculate the remainder when 257 is divided by 13.
10
What is the remainder when 64 is divided by 24?
16
Calculate the remainder when 75 is divided by 7.
5
Calculate the remainder when 136 is divided by 58.
20
What is the remainder when 441 is divided by 65?
51
What is the remainder when 597 is divided by 50?
47
Calculate the remainder when 1517 is divided by 534.
449
Calculate the remainder when 5099 is divided by 60.
59
What is the remainder when 477 is divided by 190?
97
What is the remainder when 313 is divided by 201?
112
What is the remainder when 619 is divided by 70?
59
Calculate the remainder when 102 is divided by 28.
18
Calculate the remainder when 1160 is divided by 5.
0
What is the remainder when 1974 is divided by 116?
2
Calculate the remainder when 942 is divided by 102.
24
What is the remainder when 3047 is divided by 113?
109
Calculate the remainder when 195 is divided by 17.
8
What is the remainder when 146 is divided by 5?
1
What is the remainder when 7980 is divided by 121?
115
Calculate the remainder when 545 is divided by 135.
5
Calculate the remainder when 409 is divided by 83.
77
Calculate the remainder when 129 is divided by 62.
5
Calculate the remainder when 127 is divided by 67.
60
What is the remainder when 443 is divided by 132?
47
What is the remainder when 89 is divided by 7?
5
What is the remainder when 120 is divided by 31?
27
Calculate the remainder when 64 is divided by 12.
4
Calculate the remainder when 51 is divided by 19.
13
What is the remainder when 2406 is divided by 56?
54
What is the remainder when 757 is divided by 16?
5
Calculate the remainder when 118 is divided by 34.
16
What is the remainder when 1369 is divided by 14?
11
Calculate the remainder when 356 is divided by 12.
8
Calculate the remainder when 62 is divided by 33.
29
Calculate the remainder when 214 is divided by 31.
28
Calculate the remainder when 882 is divided by 17.
15
Calculate the remainder when 1361 is divided by 33.
8
Calculate the remainder when 42 is divided by 21.
0
What is the remainder when 387 is divided by 50?
37
Calculate the remainder when 664 is divided by 37.
35
Calculate the remainder when 726 is divided by 357.
12
What is the remainder when 91 is divided by 22?
3
Calculate the remainder when 150 is divided by 47.
9
Calculate the remainder when 18917 is divided by 172.
169
What is the remainder when 7950 is divided by 67?
44
Calculate the remainder when 81 is divided by 22.
15
What is the remainder when 809 is divided by 53?
14
What is the remainder when 167 is divided by 13?
11
What is the remainder when 307 is divided by 62?
59
Calculate the remainder when 280 is divided by 87.
19
Calculate the remainder when 514 is divided by 86.
84
Calculate the remainder when 241 is divided by 49.
45
What is the remainder when 153 is divided by 26?
23
Calculate the remainder when 658 is divided by 22.
20
What is the remainder when 5322 is divided by 44?
42
What is the remainder when 3137 is divided by 184?
9
What is the remainder when 21 is divided by 12?
9
What is the remainder when 55 is divided by 7?
6
What is the remainder when 94 is divided by 30?
4
What is the remainder when 6806 is divided by 23?
21
Calculate the remainder when 200 is divided by 31.
14
What is the remainder when 1507 is divided by 56?
51
Calculate the remainder when 115 is divided by 40.
35
Calculate the remainder when 806 is divided by 125.
56
What is the remainder when 10654 is divided by 5327?
0
What is the remainder when 1022 is divided by 93?
92
What is the remainder when 1470 is divided by 86?
8
Calculate the remainder when 25 is divided by 3.
1
Calculate the remainder when 487 is divided by 120.
7
What is the remainder when 1569 is divided by 105?
99
Calculate the remainder when 4838 is divided by 44.
42
Calculate the remainder when 262 is divided by 71.
49
What is the remainder when 42 is divided by 12?
6
What is the remainder when 248 is divided by 176?
72
What is the remainder when 3069 is divided by 48?
45
Calculate the remainder when 137 is divided by 128.
9
Calculate the remainder when 256 is divided by 84.
4
Calculate the remainder when 94 is divided by 18.
4
Calculate the remainder when 361 is divided by 88.
9
Calculate the remainder when 787 is divided by 72.
67
Calculate the remainder when 1132 is divided by 95.
87
Calculate the remainder when 152 is divided by 129.
23
Calculate the remainder when 1725 is divided by 9.
6
What is the remainder when 543 is divided by 179?
6
Calculate the remainder when 14 is divided by 3.
2
What is the remainder when 294 is divided by 44?
30
What is the remainder when 36 is divided by 23?
13
What is the remainder when 725 is divided by 73?
68
What is the remainder when 778 is divided by 773?
5
What is the remainder when 299 is divided by 142?
15
What is the remainder when 4523 is divided by 174?
173
What is the remainder when 200 is divided by 101?
99
Calculate the remainder when 1652 is divided by 54.
32
Calculate the remainder when 287 is divided by 12.
11
What is the remainder when 1022 is divided by 80?
62
Calculate the remainder when 549 is divided by 10.
9
Calculate the remainder when 90 is divided by 46.
44
Calculate the remainder when 3130 is divided by 18.
16
What is the remainder when 191 is divided by 28?
23
What is the remainder when 18 is divided by 10?
8
What is the remainder when 129 is divided by 28?
17
Calculate the remainder when 7840 is divided by 253.
250
Calculate the remainder when 164 is divided by 20.
4
Calculate the remainder when 269 is divided by 93.
83
What is the remainder when 4364 is divided by 16?
12
Calculate the remainder when 2903 is divided by 11.
10
Calculate the remainder when 253 is divided by 22.
11
What is the remainder when 146 is divided by 49?
48
Calculate the remainder when 607 is divided by 51.
46
What is the remainder when 266 is divided by 30?
26
What is the remainder when 285 is divided by 14?
5
Calculate the remainder when 208 is divided by 58.
34
What is the remainder when 2263 is divided by 9?
4
Calculate the remainder when 289 is divided by 21.
16
What is the remainder when 454 is divided by 22?
14
What is the remainder when 6941 is divided by 131?
129
What is the remainder when 3739 is divided by 33?
10
What is the remainder when 25 is divided by 21?
4
What is the remainder when 203 is divided by 41?
39
Calculate the remainder when 547 is divided by 129.
31
What is the remainder when 65 is divided by 10?
5
Calculate the remainder when 486 is divided by 130.
96
Calculate the remainder when 345 is divided by 40.
25
What is the remainder when 283 is divided by 44?
19
Calculate the remainder when 72 is divided by 9.
0
Calculate the remainder when 390 is divided by 110.
60
What is the remainder whe